{"id":577,"date":"2019-05-28T12:01:47","date_gmt":"2019-05-28T10:01:47","guid":{"rendered":"http:\/\/csxiii.eu\/13jhr\/?page_id=577"},"modified":"2019-06-07T13:55:01","modified_gmt":"2019-06-07T11:55:01","slug":"besucherprogramm-22-06-2019","status":"publish","type":"page","link":"http:\/\/csxiii.eu\/13jhr\/besucherprogramm-22-06-2019\/","title":{"rendered":"Besucherprogramm  &#8211; 22.06.2019"},"content":{"rendered":"\n<h2>14.00 bis 15.30 Uhr&nbsp;&nbsp; <\/h2>\n\n\n\n<p>Begr\u00fc\u00dfung und Besichtigung unserer internationalen Zeltstadt.<br>Unterhaltung durch die Spielleute \u201eSpellbound\u201c<br>M\u00f6glichkeit zu einem Rundgang der Burg und des Museum<\/p>\n\n\n\n<h2>Ab 15.30 Uhr<\/h2>\n\n\n\n<p>Anl\u00e4sslich der Hochzeit Landgraf Albrechts mit Kunigunde von Eisenberg<br>Wettstreit der Ritter zu Fu\u00df auf dem Turnierplatz<\/p>\n\n\n\n<h2>Ca. 16.30 bis 17.00 Uhr<\/h2>\n\n\n\n<p>Pause bei Kaffee und Kuchen, k\u00fchlen Getr\u00e4nken und herzhaftem vom Grill<\/p>\n\n\n\n<h2>Ab 17.00 Uhr<\/h2>\n\n\n\n<p>Ritter zu Pferd&#8230;<br>streiten zur Ehre des Landgrafenpaares und der Hohen Minne.<\/p>\n\n\n\n<p>Erleben sie interessante Einblicke \u00fcber die Turniere des\n13.Jahrhunderts, spannende Zweik\u00e4mpfe zu Pferd und zu Fu\u00df.&nbsp;&nbsp;&nbsp;&nbsp;&nbsp;&nbsp;&nbsp;&nbsp;&nbsp;&nbsp;&nbsp;&nbsp;&nbsp;&nbsp; <\/p>\n\n\n\n<h3>Wir freuen uns auf Sie! <\/h3>\n\n\n\n<ul class=\"is-layout-flex wp-block-gallery-1 wp-block-gallery columns-3 is-cropped\"><li class=\"blocks-gallery-item\"><figure><img decoding=\"async\" loading=\"lazy\" width=\"576\" height=\"1024\" src=\"http:\/\/csxiii.eu\/13jhr\/wp-content\/uploads\/2019\/06\/DSC_2703-576x1024.jpg\" alt=\"\" data-id=\"607\" data-link=\"http:\/\/csxiii.eu\/13jhr\/besucherprogramm-22-06-2019\/dsc_2703\/\" class=\"wp-image-607\" srcset=\"http:\/\/csxiii.eu\/13jhr\/wp-content\/uploads\/2019\/06\/DSC_2703-576x1024.jpg 576w, http:\/\/csxiii.eu\/13jhr\/wp-content\/uploads\/2019\/06\/DSC_2703-169x300.jpg 169w, http:\/\/csxiii.eu\/13jhr\/wp-content\/uploads\/2019\/06\/DSC_2703-768x1365.jpg 768w\" sizes=\"(max-width: 576px) 100vw, 576px\" \/><\/figure><\/li><li class=\"blocks-gallery-item\"><figure><img decoding=\"async\" loading=\"lazy\" width=\"1024\" height=\"683\" src=\"http:\/\/csxiii.eu\/13jhr\/wp-content\/uploads\/2017\/09\/13495459_1364378170242708_5578016248993814717_o-1024x683.jpg\" alt=\"\" data-id=\"30\" data-link=\"http:\/\/csxiii.eu\/13jhr\/13495459_1364378170242708_5578016248993814717_o\/\" class=\"wp-image-30\" srcset=\"http:\/\/csxiii.eu\/13jhr\/wp-content\/uploads\/2017\/09\/13495459_1364378170242708_5578016248993814717_o-1024x683.jpg 1024w, http:\/\/csxiii.eu\/13jhr\/wp-content\/uploads\/2017\/09\/13495459_1364378170242708_5578016248993814717_o-300x200.jpg 300w, http:\/\/csxiii.eu\/13jhr\/wp-content\/uploads\/2017\/09\/13495459_1364378170242708_5578016248993814717_o-768x512.jpg 768w, http:\/\/csxiii.eu\/13jhr\/wp-content\/uploads\/2017\/09\/13495459_1364378170242708_5578016248993814717_o.jpg 2048w\" sizes=\"(max-width: 706px) 89vw, (max-width: 767px) 82vw, 740px\" \/><\/figure><\/li><li class=\"blocks-gallery-item\"><figure><img decoding=\"async\" loading=\"lazy\" width=\"1024\" height=\"681\" src=\"http:\/\/csxiii.eu\/13jhr\/wp-content\/uploads\/2017\/11\/IMG_0201-1024x681.jpg\" alt=\"\" data-id=\"185\" data-link=\"http:\/\/csxiii.eu\/13jhr\/img_0201\/\" class=\"wp-image-185\" srcset=\"http:\/\/csxiii.eu\/13jhr\/wp-content\/uploads\/2017\/11\/IMG_0201-1024x681.jpg 1024w, http:\/\/csxiii.eu\/13jhr\/wp-content\/uploads\/2017\/11\/IMG_0201-300x200.jpg 300w, http:\/\/csxiii.eu\/13jhr\/wp-content\/uploads\/2017\/11\/IMG_0201-768x511.jpg 768w, http:\/\/csxiii.eu\/13jhr\/wp-content\/uploads\/2017\/11\/IMG_0201.jpg 1200w\" sizes=\"(max-width: 706px) 89vw, (max-width: 767px) 82vw, 740px\" \/><\/figure><\/li><\/ul>\n","protected":false},"excerpt":{"rendered":"<p>14.00 bis 15.30 Uhr&nbsp;&nbsp; Begr\u00fc\u00dfung und Besichtigung unserer internationalen Zeltstadt.Unterhaltung durch die Spielleute \u201eSpellbound\u201cM\u00f6glichkeit zu einem Rundgang der Burg und des Museum Ab 15.30 Uhr Anl\u00e4sslich der Hochzeit Landgraf Albrechts mit Kunigunde von EisenbergWettstreit der Ritter zu Fu\u00df auf dem Turnierplatz Ca. 16.30 bis 17.00 Uhr Pause bei Kaffee und Kuchen, k\u00fchlen Getr\u00e4nken und herzhaftem &hellip; <\/p>\n<p class=\"link-more\"><a href=\"http:\/\/csxiii.eu\/13jhr\/besucherprogramm-22-06-2019\/\" class=\"more-link\"><span class=\"screen-reader-text\">\u201eBesucherprogramm  &#8211; 22.06.2019\u201c<\/span> weiterlesen<\/a><\/p>\n","protected":false},"author":1,"featured_media":0,"parent":0,"menu_order":0,"comment_status":"closed","ping_status":"closed","template":"","meta":[],"_links":{"self":[{"href":"http:\/\/csxiii.eu\/13jhr\/wp-json\/wp\/v2\/pages\/577"}],"collection":[{"href":"http:\/\/csxiii.eu\/13jhr\/wp-json\/wp\/v2\/pages"}],"about":[{"href":"http:\/\/csxiii.eu\/13jhr\/wp-json\/wp\/v2\/types\/page"}],"author":[{"embeddable":true,"href":"http:\/\/csxiii.eu\/13jhr\/wp-json\/wp\/v2\/users\/1"}],"replies":[{"embeddable":true,"href":"http:\/\/csxiii.eu\/13jhr\/wp-json\/wp\/v2\/comments?post=577"}],"version-history":[{"count":6,"href":"http:\/\/csxiii.eu\/13jhr\/wp-json\/wp\/v2\/pages\/577\/revisions"}],"predecessor-version":[{"id":610,"href":"http:\/\/csxiii.eu\/13jhr\/wp-json\/wp\/v2\/pages\/577\/revisions\/610"}],"wp:attachment":[{"href":"http:\/\/csxiii.eu\/13jhr\/wp-json\/wp\/v2\/media?parent=577"}],"curies":[{"name":"wp","href":"https:\/\/api.w.org\/{rel}","templated":true}]}}